 q(t) = -t**3 - 24*t**2 + 848*t + 4716. Determine q(-5).
1
Let b(g) = -2*g**2 + 285*g - 609. Determine b(136).
1159
Let u(v) = -11*v**2 - 6745*v - 41346. What is u(-607)?
-70
Let r(x) = -x**3 - 515*x**2 - 538*x - 12326. Give r(-514).
10
Let m(k) = -5085*k**2 + 66137*k - 421. Calculate m(13).
-5
Let w(s) = 2597*s + 26278. What is w(-11)?
-2289
Let d(l) = -l**3 - 586*l**2 - 20333*l - 606. Determine d(-37).
134
Let z(b) = b**2 - 13568*b - 81461. Give z(-6).
-17
Let p(z) = 71274*z + 2565868. Give p(-36).
4
Let x(g) = -g**3 - 6*g**2 + 31*g - 30. Calculate x(1).
-6
Let l(s) = s**3 + 115*s**2 + 90*s - 2727. What is l(-114)?
9
Let p(i) = i**2 + 9761*i + 321043. Give p(-33).
19
Let b(p) = -53*p**3 - 25703*p**2 + 965*p - 2413. What is b(-485)?
12
Let c(h) = -h**2 + 1663*h + 181942. What is c(-103)?
44
Let t(l) = -5*l**3 - 271*l**2 - 142*l - 4768. Determine t(-54).
-16
Let k(p) = -p**3 - 38*p**2 - 678*p - 18376. Give k(-34).
52
Let g(y) = 633*y + 32976. What is g(-54)?
-1206
Let i(v) = -113*v**2 + 2713*v + 49. Determine i(24).
73
Let d(t) = -t**2 + 110*t - 1535. Calculate d(76).
1049
Let l(i) = i**3 + 851*i**2 - 21894*i - 110. Calculate l(25).
40
Let r(p) = 449*p**3 - 12*p**2 + 41*p - 78. Give r(2).
3548
Let a(i) = -698*i - 12128. Give a(-14).
-2356
Let u(x) = 4*x**3 + 819*x**2 - 530*x - 66823. Determine u(-205).
-198
Let y(m) = -181*m**2 + 21712*m + 1001. What is y(120)?
41
Let n(x) = 2*x**2 - 641*x + 50826. Give n(186).
792
Let y(b) = -2*b**2 - 224549*b - 1347237. Give y(-6).
-15
Let o(a) = a**3 + 42*a**2 + 36*a - 259. Calculate o(-41).
-54
Let l(b) = -2*b**3 - 7*b**2 + 118*b + 888. Determine l(-13).
2565
Let b(d) = d**3 - 119*d**2 - 29*d - 10957. Determine b(120).
-37
Let t(w) = 5*w**3 + 39*w**2 + 5*w - 71. Determine t(-8).
-175
Let h(n) = -774444*n - 7744445. Give h(-10).
-5
Let d(k) = 5819*k + 23316. What is d(-4)?
40
Let j(l) = 9*l**3 + 632*l**2 + 137*l - 214. What is j(-70)?
-4
Let v(f) = -7907*f + 39525. Determine v(5).
-10
Let h(p) = -1776*p + 195331. Determine h(110).
-29
Let n(k) = 2645*k + 1486. What is n(-1)?
-1159
Let y(v) = -216*v**2 + 216*v + 423. Determine y(-2).
-873
Let q(m) = -m**2 - 10832*m - 129851. Determine q(-12).
-11
Let u(l) = -2*l**3 - 97*l**2 - 56*l - 512. What is u(-48)?
-128
Let j(f) = 3*f**3 - 135*f**2 + 835*f - 40. Give j(6).
758
Let k(l) = 4*l**2 + 1154*l + 16648. Give k(-15).
238
Let g(i) = 2*i**3 - 288*i**2 - 4417*i - 1094. Give g(158).
12
Let q(w) = 308*w + 41574. Calculate q(-135).
-6
Let r(l) = l**3 - 32*l**2 - 201*l + 106. Determine r(-6).
-56
Let c(x) = -15*x**2 - 27187*x + 81698. Give c(3).
2
Let f(r) = -690726*r - 11742337. What is f(-17)?
5
Let d(i) = 219*i - 57920. What is d(263)?
-323
Let l(c) = 2994*c - 18059. Determine l(6).
-95
Let q(f) = 63*f**3 + 316*f**2 + 47*f + 197. Calculate q(-5).
-13
Let y(x) = x**3 + 50*x**2 - 713*x - 35915. Give y(-50).
-265
Let k(x) = 375*x**3 - 22*x**2 + 13*x + 10. Give k(1).
376
Let n(u) = -4*u**3 - 5*u**2 - 581*u + 5697. Calculate n(7).
13
Let z(l) = 3*l**3 + 16*l**2 + 3*l - 34. Determine z(-4).
18
Let y(r) = 32*r**2 - 50*r - 8020. Determine y(-15).
-70
Let z(o) = 4*o**2 - 699*o + 8285. Give z(13).
-126
Let l(k) = k**2 + 844*k + 121425. Calculate l(-184).
-15
Let o(f) = -f**3 - 38*f**2 + 943*f - 138. Determine o(17).
-2
Let v(c) = 4*c**3 + c**2 + 437*c + 1332. Calculate v(-3).
-78
Let r(b) = 220*b**2 - 66*b - 170. Determine r(-2).
842
Let h(r) = 36*r**3 + 1622*r**2 + 78*r - 532. Calculate h(-45).
8
Let f(q) = 9517*q - 142728. Calculate f(15).
27
Let r(z) = -z**3 - 26*z**2 + 321*z + 8949. Determine r(-21).
3
Let u(j) = -j**2 - 296*j - 13512. What is u(-253)?
-2633
Let h(n) = -34214*n + 1950223. What is h(57)?
25
Let c(s) = -s**3 - 229*s**2 - 7317*s + 17658. Give c(-190).
-12
Let a(o) = 230*o + 3622. Determine a(-8).
1782
Let h(m) = 514*m - 227916. Give h(444).
300
Let p(j) = j**3 - 89*j**2 - 88*j - 179. Calculate p(90).
1
Let l(w) = -9399*w - 338386. Determine l(-36).
-22
Let z(p) = -p**2 + 4*p + 133. Calculate z(6).
121
Let i(x) = 4*x**3 + 4428*x**2 - 17774*x + 2207. Give i(-1111).
-15
Let d(x) = 20*x**2 - 5653*x - 833853. Determine d(-107).
-2
Let w(m) = m**3 - 685*m**2 - 4517*m - 226323. What is w(692)?
-39
Let m(u) = -3*u**3 - 356*u**2 + 3449*u + 28. What is m(9)?
46
Let s(g) = 2*g**3 + 238*g**2 + 2716*g - 523. Give s(-13).
-3
Let z(x) = -x**3 + 454*x**2 + 1378*x + 27. Calculate z(-3).
6
Let w(g) = -5*g**2 - 2340*g - 237649. Calculate w(-319).
6
Let k(n) = -41029*n + 369209. Determine k(9).
-52
Let f(j) = 178*j**2 + 32043*j + 585. Give f(-180).
45
Let z(j) = -27*j**2 + 1022*j + 6448. Calculate z(-6).
-656
Let h(c) = -20*c + 6547. Calculate h(325).
47
Let l(z) = 1999*z + 14145. Determine l(-7).
152
Let z(h) = 2*h**3 - 9*h**2 - 111*h + 206. Determine z(8).
-234
Let n(r) = 32*r - 5271. Calculate n(170).
169
Let n(m) = m**2 - 21911*m - 163. What is n(0)?
-163
Let m(l) = 6620*l - 99215. Give m(15).
85
Let h(b) = -142*b**2 + 6988*b - 1461. Determine h(49).
9
Let k(u) = -7*u**3 - 15951*u**2 - 11553*u - 371317. Calculate k(-2278).
-3
Let t(d) = -10*d**3 + 2*d**2 + 38*d + 8. Calculate t(0).
8
Let w(y) = -4*y**2 + 15*y + 692. What is w(-28)?
-2864
Let g(v) = -2*v**3 + 172*v**2 - 253*v + 7165. What is g(85)?
110
Let j(n) = n**3 + 33*n**2 - 53*n - 162. Determine j(-34).
484
Let t(s) = 10*s**3 - 46*s**2 + 41*s - 5. Give t(2).
-27
Let c(w) = w**3 + 179*w**2 + 1683*w - 946. What is c(-169)?
237
Let t(r) = r**2 + 31307*r - 846023. Determine t(27).
-5
Let m(f) = 2*f**3 - 56*f**2 - 42*f - 219. Calculate m(29).
245
Let w(r) = -186*r**3 - 17*r**2 - 34*r + 13. Determine w(-2).
1501
Let f(i) = i**3 - 263*i**2 + 524*i - 622. Determine f(261).
-100
Let o(x) = 11110*x + 3699626. Give o(-333).
-4
Let u(h) = 93423*h**2 - 373699*h + 25. Determine u(4).
-3
Let z(j) = 545*j - 52898. Calculate z(97).
-33
Let h(m) = 151082*m - 151297. Give h(1).
-215
Let n(j) = 10*j**2 - 27*j + 89. Determine n(4).
141
Let w(r) = -109449*r - 1970090. Give w(-18).
-8
Let u(j) = 21*j**2 - 9399*j - 4038. Calculate u(448).
-6
Let a(m) = -8*m**2 - 44*m + 21802. Give a(-55).
22
Let p(r) = -r**3 - 524*r**2 - 4130*r - 1028. What is p(-516)?
4
Let s(p) = p**2 - 24158*p + 4363632. Give s(182).
0
Let p(t) = -1514*t + 27580. What is p(18)?
328
Let n(s) = 219*s**2 + 9834*s - 9833. Give n(1).
220
Let w(l) = 2686*l - 21329. Give w(7).
-2527
Let n(x) = 2*x**2 - 196*x - 1125. Give n(-19).
3321
Let m(g) = -8400*g - 1948799. Give m(-232).
1
Let p(w) = 31*w**3 + 992*w**2 - 10*w - 26. Give p(-32).
294
Let s(r) = r**3 - r**2 + 55*r - 482. Determine s(6).
28
Let q(j) = -4*j**3 + 93*j**2 - 25*j - 60. Give q(22).
1810
Let f(y) = 1935*y + 54082. Calculate f(-28).
-98
Let l(p) = 219*p + 1846. Calculate l(-5).
751
Let q(o) = -o**2 + 399*o - 37610. Calculate q(156).
298
Let y(q) = 80692*q + 14928022. Calculate y(-185).
2
Let l(c) = 13*c**3 - 2*c**2 - 31*c + 50. What is l(1)?
30
Let i(b) = -6*b**3 + 222*b**2 + 6841*b + 25. What is i(-20)?
5
Let h(o) = o**3 - 24*o**2 - 706*o + 16921. Determine h(24).
-23
Let w(g) = g**3 + 378*g**2 + 1112*g - 4867. Give w(-375).
8
Let i(n) = 5*n**3 + 17*n**2 + 23*n + 70. Give i(-6).
-536
Let z(g) = -42321*g - 9733827. What is z(-230)?
3
Let m(n) = -7*n**3 + 293*n**2 + 134*n - 3502. Determine m(42).
362
Let k(l) = l**2 + 274*l - 9020. Determine k(36).
2140
Let t(g) = 8036*g + 16158. Give t(-2).
86
Let o(j) = -30534*j + 1038166. Give o(34).
10
Let i(v) = 11*v**3 + 2198*v**2 - 442*v - 8416. Determine i(-200).
-16
Let l(r) = -3*r**3 + 352*r**2 - 1096*r + 114493. Determine l(117).
-50
Let h(s) = -13983*s - 321637. Give h(-23).
-28
Let f(b) = 372481*b + 744948. Calculate f(-2).
-14
Let q(p) = -308*p - 365. Determine q(-2).
251
Let v(c) = 1200*c**2 - 52789*c + 2. What is v(44)?
486
Let w(b) = -26*b**2 + 1421*b + 11249. Calculate w(-8).
-1783
Let b(x) = -28*x**3 + x**2 - 61*x + 178. Calculate b(3).
-752
Let v(g) = -381*g + 20173. What is v(53)?
-20
Let i(p) = -3*p**2 + 1606*p + 24846. What is i(-15)?
81
Let q(r) = -28529*r + 199615. Calculate q(7).
-88
Let x(w) = 2*w**2 + 172*w - 27. What is x(-93)?
1275
Let h(p) = -19*p**2 - 18085*p + 39135. Give h(-954).
21
Let k(o) = -239*o - 657. Determine k(-4).
299
Let z(k) = -8830*k + 4309078. Calculate z(488).
38
Let z(j) = -4*j**2 + 64*j - 16. What is z(10)?
224
Let g(r) = -20*r**